{"id":262,"date":"2021-07-02T08:56:50","date_gmt":"2021-07-02T08:56:50","guid":{"rendered":"http:\/\/www.tunnevirtaamo.fi\/?page_id=262"},"modified":"2023-08-05T13:38:14","modified_gmt":"2023-08-05T13:38:14","slug":"kauneudenhoito","status":"publish","type":"page","link":"https:\/\/www.tunnevirtaamo.fi\/index.php\/kauneudenhoito\/","title":{"rendered":"Kauneudenhoito"},"content":{"rendered":"\n<h1>\n\t\tHemmottele itse\u00e4si\n\t<\/h1>\n\t\t\t\t<img src=\"http:\/\/www.tunnevirtaamo.fi\/wp-content\/uploads\/2021\/07\/Sokerointi_F.png\" alt=\"Sokerointi_F\" itemprop=\"image\" title=\"Sokerointi_F\" onerror=\"this.style.display='none'\"  \/>\n\t<ul>\n<li>S\u00e4\u00e4ret tai reidet 40\u20ac (miehet + 15\u20ac)<\/li>\n<li>Kainalot 30\u20ac<\/li>\n<li>Bikinit 30\u20ac<\/li>\n<li>Laajennettu bikini 50\u20ac<\/li>\n<li>Laajennettu bikini + pakarat 55\u20ac<\/li>\n<li>Laajennettu bikini + s\u00e4\u00e4ret 79\u20ac<\/li>\n<li>Laajennettu bikini, s\u00e4\u00e4ret ja kainalot 99\u20ac<\/li>\n<li>Brassi 65\u20ac<\/li>\n<li>Brassi ja s\u00e4\u00e4ret 99\u20ac<\/li>\n<li>Brassi ja kainalot 85\u20ac<\/li>\n<li>Brassi, s\u00e4\u00e4ret ja reidet 115\u20ac<\/li>\n<li>Brassi, s\u00e4\u00e4ret ja kainalot 110\u20ac<\/li>\n<li>Brassi, s\u00e4\u00e4ret, reidet, kainalot 120\u20ac<\/li>\n<li>Kainalot ja bikinit 50\u20ac<\/li>\n<li>Kainalot ja laajennettu bikini 60\u20ac<\/li>\n<li>S\u00e4\u00e4ret ja reidet 70\u20ac<\/li>\n<li>S\u00e4\u00e4ret, kainalot ja bikinit 85\u20ac<\/li>\n<li>Miesten brassi 70\u20ac<\/li>\n<li>Posket 20\u20ac<\/li>\n<li dir=\"auto\">Yl\u00e4huuli 20\u20ac<\/li>\n<li dir=\"auto\">\nYl\u00e4huuli ja leuka 25\u20ac\n<\/li>\n<li dir=\"auto\">Yl\u00e4huuli ja posket 35\u20ac<\/li>\n<li dir=\"auto\">\nYl\u00e4huuli jonkun muun alueen kanssa &#8211; 5\u20ac\n<\/li>\n<li dir=\"auto\">Jalkap\u00f6yt\u00e4 tai varpaat 5\u20ac. Molemmat yhteens\u00e4 10\u20ac<\/li>\n<\/ul>\n<h2>\n\t\tKotihoito-ohjeet sokeroinnin j\u00e4lkeen\n\t<\/h2>\n\t<p>1. V\u00e4lt\u00e4 saunomista, hikijumppaa, aurinkoa, solariumia, deodoranttia, vahvoja parfyymej\u00e4, kuumia kylpyj\u00e4, uintia uimahalleissa, itseruskettavia aineita seuraavan 24h ajan.<\/p>\n<p>2. Kuori ihoa n 2. kertaa viikossa (heti sokeroinnin j\u00e4lkeen, ei 3-4 p\u00e4iv\u00e4\u00e4n).<\/p>\n<p>3. Kosteuta ihoa p\u00e4ivitt\u00e4in.<\/p>\n\t\t\t\t<img src=\"http:\/\/www.tunnevirtaamo.fi\/wp-content\/uploads\/2021\/07\/Sokerointi-kauneudenhoito.jpg\" alt=\"Sokerointi kauneudenhoito\" itemprop=\"image\" title=\"Sokerointi kauneudenhoito\" onerror=\"this.style.display='none'\"  \/>\n\t\t\t\t<img src=\"http:\/\/www.tunnevirtaamo.fi\/wp-content\/uploads\/2021\/07\/Hunaja-1.jpg\" alt=\"Hunaja\" itemprop=\"image\" title=\"Hunaja\" onerror=\"this.style.display='none'\"  \/>\n\t\t\t\t<img src=\"http:\/\/www.tunnevirtaamo.fi\/wp-content\/uploads\/2021\/07\/Hunajapuikot-2.jpg\" alt=\"Hunajapuikot\" itemprop=\"image\" title=\"Hunajapuikot\" onerror=\"this.style.display='none'\"  \/>\n\t\t\t<a href=\"https:\/\/vello.fi\/tunnevirtaamo\/\" target=\"_self\" role=\"button\" rel=\"noopener\">\n\t\t\t\t\t\t\tVARAA AIKA\n\t\t\t<\/a>\nSokerointiv\u00e4li n. 3-6vko\n\t\t\t\t<img src=\"http:\/\/www.tunnevirtaamo.fi\/wp-content\/uploads\/2021\/07\/geelikynnet.jpg\" alt=\"geelikynnet\" itemprop=\"image\" title=\"geelikynnet\" onerror=\"this.style.display='none'\"  \/>\n\t\t\t\t<img src=\"http:\/\/www.tunnevirtaamo.fi\/wp-content\/uploads\/2021\/07\/Geeli_F.png\" alt=\"Geeli_F\" itemprop=\"image\" title=\"Geeli_F\" onerror=\"this.style.display='none'\"  \/>\n<ul>\n<li dir=\"auto\">Geelilakkaukset sormiin 35\u20ac<\/li>\n<li dir=\"auto\">Geelilakkaukset varpaisiin 30\u20ac<\/li>\n<\/ul>\n\t\t\t\t<img src=\"http:\/\/www.tunnevirtaamo.fi\/wp-content\/uploads\/2021\/07\/Saippua_F.png\" alt=\"Saippua_F\" itemprop=\"image\" title=\"Saippua_F\" onerror=\"this.style.display='none'\"  \/>\nPeseytymiseen ja ihon hoitoon kuorivia tuoksusaippuasieni\u00e4. Sokeroinnin j\u00e4lkeen ehk\u00e4isev\u00e4t sis\u00e4\u00e4np\u00e4in k\u00e4\u00e4ntyvi\u00e4 karvoja. Kuorivat saippuat saat ostettua paikan p\u00e4\u00e4lt\u00e4.\nHinta 14 \u20ac\n\t\t\t\t<img src=\"http:\/\/www.tunnevirtaamo.fi\/wp-content\/uploads\/2021\/07\/Saippua-768x1024.jpg\" alt=\"Saippua\" itemprop=\"image\" title=\"Saippua\" onerror=\"this.style.display='none'\"  \/>\n\t\t\t\t<img src=\"http:\/\/www.tunnevirtaamo.fi\/wp-content\/uploads\/2021\/07\/Asiakaspalautteet_F-300x92.png\" alt=\"Asiakaspalautteet_F\" itemprop=\"image\" title=\"Asiakaspalautteet_F\" onerror=\"this.style.display='none'\"  \/>\n\t<p>Kes\u00e4loman ensimm\u00e4isen viikon iloksi tilasin Tunnevirtaamosta ajan geelilakkauksiin ja sokerointiin.<\/p>\n<p>Olin todella tyytyv\u00e4inen molempien lopputulokseen ja innostuin viel\u00e4 lopuksi ottamaan yl\u00e4huulen sokeroinnin. T\u00e4m\u00e4 j\u00e4nnitti, koska viimeisin kokemukseni t\u00e4st\u00e4 oli kamala ja kivulias. Ihanan Jennin hyv\u00e4ss\u00e4 hoidossa t\u00e4m\u00e4kin sujui lempe\u00e4sti ja asiakasta kuunnellen. K\u00e4yntikokemukseni oli kaikin puolin positiivinen: suloinen vastaanottotila, hyv\u00e4 ja yst\u00e4v\u00e4llinen asiakaspalvelu sek\u00e4 huolellinen ty\u00f6nj\u00e4lki. Tulen ehdottomasti uudestaan.<\/p>\n\t<p>Jennin k\u00e4sittelyss\u00e4 jo jonkin aikaa k\u00e4ynyt sokeroinnissa s\u00e4\u00e4nn\u00f6llisesti. Aina mukava menn\u00e4 ja saada hyv\u00e4 tulos rennon juttelun lomassa.<\/p>\n\n","protected":false},"excerpt":{"rendered":"<p>Hemmottele itse\u00e4si S\u00e4\u00e4ret tai reidet 40\u20ac (miehet + 15\u20ac) Kainalot 30\u20ac Bikinit 30\u20ac Laajennettu bikini 50\u20ac Laajennettu bikini + pakarat 55\u20ac Laajennettu bikini + s\u00e4\u00e4ret 79\u20ac Laajennettu bikini, s\u00e4\u00e4ret ja kainalot 99\u20ac Brassi 65\u20ac Brassi ja s\u00e4\u00e4ret 99\u20ac Brassi ja kainalot 85\u20ac Brassi, s\u00e4\u00e4ret ja reidet 115\u20ac Brassi, s\u00e4\u00e4ret ja kainalot 110\u20ac Brassi, s\u00e4\u00e4ret, reidet,<span class=\"dots\"> &hellip; <\/span><span class=\"link-more\"><a href=\"https:\/\/www.tunnevirtaamo.fi\/index.php\/kauneudenhoito\/\" class=\"more-link\">Read more <span class=\"screen-reader-text\">&#8221;Kauneudenhoito&#8221;<\/span><\/a><\/span><\/p>\n","protected":false},"author":1,"featured_media":0,"parent":0,"menu_order":0,"comment_status":"closed","ping_status":"closed","template":"","meta":{"_mi_skip_tracking":false},"_links":{"self":[{"href":"https:\/\/www.tunnevirtaamo.fi\/index.php\/wp-json\/wp\/v2\/pages\/262"}],"collection":[{"href":"https:\/\/www.tunnevirtaamo.fi\/index.php\/wp-json\/wp\/v2\/pages"}],"about":[{"href":"https:\/\/www.tunnevirtaamo.fi\/index.php\/wp-json\/wp\/v2\/types\/page"}],"author":[{"embeddable":true,"href":"https:\/\/www.tunnevirtaamo.fi\/index.php\/wp-json\/wp\/v2\/users\/1"}],"replies":[{"embeddable":true,"href":"https:\/\/www.tunnevirtaamo.fi\/index.php\/wp-json\/wp\/v2\/comments?post=262"}],"version-history":[{"count":64,"href":"https:\/\/www.tunnevirtaamo.fi\/index.php\/wp-json\/wp\/v2\/pages\/262\/revisions"}],"predecessor-version":[{"id":784,"href":"https:\/\/www.tunnevirtaamo.fi\/index.php\/wp-json\/wp\/v2\/pages\/262\/revisions\/784"}],"wp:attachment":[{"href":"https:\/\/www.tunnevirtaamo.fi\/index.php\/wp-json\/wp\/v2\/media?parent=262"}],"curies":[{"name":"wp","href":"https:\/\/api.w.org\/{rel}","templated":true}]}}