{"id":19,"date":"2021-06-21T14:18:10","date_gmt":"2021-06-21T14:18:10","guid":{"rendered":"http:\/\/www.tunnevirtaamo.fi\/?page_id=19"},"modified":"2021-09-01T09:43:04","modified_gmt":"2021-09-01T09:43:04","slug":"tunnevirtaamo","status":"publish","type":"page","link":"https:\/\/www.tunnevirtaamo.fi\/","title":{"rendered":"Tunnevirtaamo"},"content":{"rendered":"\n\n\t\t\t\t<img loading=\"lazy\" src=\"http:\/\/www.tunnevirtaamo.fi\/wp-content\/uploads\/2021\/07\/cropped-logo-tunnevirtaamo-valkoinen-1024x374.png\" alt=\"http:\/\/www.tunnevirtaamo.fi\/wp-content\/uploads\/2021\/07\/cropped-logo-tunnevirtaamo-valkoinen.png\" itemprop=\"image\" height=\"329\" width=\"900\" title=\"cropped-logo-tunnevirtaamo-valkoinen.png\" onerror=\"this.style.display='none'\"  \/>\n\t<h4>T\u00e4\u00e4ll\u00e4 kaikki tunteet ovat sallittuja. P\u00e4\u00e4m\u00e4\u00e4r\u00e4n\u00e4 rakkaus, luottamus ja identiteetti.<\/h4>\n<h4>Kyky tehd\u00e4 el\u00e4m\u00e4ss\u00e4si asioita mit\u00e4 haluat, muita satuttamatta.<\/h4>\n<h3><img loading=\"lazy\" src=\"https:\/\/static.xx.fbcdn.net\/images\/emoji.php\/v9\/t59\/1.5\/16\/1f5a4.png\" alt=\"\ud83d\udda4\" width=\"16\" height=\"16\" \/>\u00a0 l\u00f6yd\u00e4 itsesi, Tee se jo t\u00e4n\u00e4\u00e4n\u00a0 <img loading=\"lazy\" src=\"https:\/\/static.xx.fbcdn.net\/images\/emoji.php\/v9\/t59\/1.5\/16\/1f5a4.png\" alt=\"\ud83d\udda4\" width=\"16\" height=\"16\" \/><\/h3>\n\t\t\t\t<img loading=\"lazy\" src=\"http:\/\/www.tunnevirtaamo.fi\/wp-content\/uploads\/2021\/07\/Tietoa-minusta-U-1024x323.png\" alt=\"Tietoa minusta U\" itemprop=\"image\" height=\"284\" width=\"900\" title=\"Tietoa minusta U\" onerror=\"this.style.display='none'\"  \/>\n\tJenni Santava &#8211;\u00a0 Hoitajasta hoidettavaksi, kehoterapeutiksi, kuvataiteilijaksi, omien unelmien toteuttajaksi. \u00c4iti, vaimo ja my\u00f6s ikuinen lapsi, tyt\u00e4r. Kaikenlaista kaunista rakastava, luova ja onnellinen NAINEN.<br \/>\n<a href=\"http:\/\/www.tunnevirtaamo.fi\/index.php\/kuka-olen\/\">Lue lis\u00e4\u00e4<\/a>\n\t\t\t\t<img loading=\"lazy\" src=\"http:\/\/www.tunnevirtaamo.fi\/wp-content\/uploads\/2021\/07\/Jenni-Santava_Kuka-olen.jpg\" alt=\"Jenni Santava_Kuka olen\" itemprop=\"image\" height=\"989\" width=\"988\" title=\"Jenni Santava_Kuka olen\" onerror=\"this.style.display='none'\"  \/>\n\t\t\t\t<img loading=\"lazy\" src=\"http:\/\/www.tunnevirtaamo.fi\/wp-content\/uploads\/2021\/07\/Etusivu_Jenni-Santava-1024x1024.jpg\" alt=\"Etusivu_Jenni Santava\" itemprop=\"image\" height=\"900\" width=\"900\" title=\"Etusivu_Jenni Santava\" onerror=\"this.style.display='none'\"  \/>\n\t\t\t\t<img loading=\"lazy\" src=\"http:\/\/www.tunnevirtaamo.fi\/wp-content\/uploads\/2021\/07\/Synnytysvalmennus_palvelut.jpg\" alt=\"Synnytysvalmennus_palvelut\" itemprop=\"image\" height=\"403\" width=\"412\" title=\"Synnytysvalmennus_palvelut\" onerror=\"this.style.display='none'\"  \/>\n\t\t\t\t<img loading=\"lazy\" src=\"http:\/\/www.tunnevirtaamo.fi\/wp-content\/uploads\/2021\/07\/kolme-kivea-kuumakivi-1024x1024.jpg\" alt=\"kolme kive\u00e4 kuumakivi\" itemprop=\"image\" height=\"900\" width=\"900\" title=\"kolme kive\u00e4 kuumakivi\" onerror=\"this.style.display='none'\"  \/>\n\t\t\t\t<img loading=\"lazy\" src=\"http:\/\/www.tunnevirtaamo.fi\/wp-content\/uploads\/2021\/07\/Palvelut-1-300x140.png\" alt=\"Palvelut\" itemprop=\"image\" height=\"140\" width=\"300\" title=\"Palvelut\" onerror=\"this.style.display='none'\"  \/>\n\t\nKehoterapiaa, johon kuuluu keskustelu ja kehonhoito. Hoidetaan tunnetukoksia, tunnetraumoja ja tunneperim\u00e4\u00e4. Oman identiteetin l\u00f6yt\u00e4mist\u00e4.<br \/>\n<a href=\"http:\/\/www.tunnevirtaamo.fi\/index.php\/tunnevyohyketerapia\/\">Lue lis\u00e4\u00e4<\/a>\n\nKehon synnytykseen valmistavaa hoitoa luonnollisin avuin vy\u00f6hyketerapialla.<br \/>\n<a href=\"http:\/\/www.tunnevirtaamo.fi\/index.php\/synnytykseen-valmistava-vyohyketerapia\/\">Lue lis\u00e4\u00e4<\/a>\n\nHoito tehd\u00e4\u00e4n sileill\u00e4, l\u00e4mpimill\u00e4 basaltti- ja luonnonkivill\u00e4. Kivist\u00e4 siirtyy l\u00e4mp\u00f6\u00e4 kehoon, tuoden sinulle ainutlaatuisen syv\u00e4n rentoutuksen.<br \/>\n<a href=\"http:\/\/www.tunnevirtaamo.fi\/index.php\/kuumakivihieronta\/\">Lue lis\u00e4\u00e4<\/a>\n\n<p>Sokeroinnilla hell\u00e4sti ihokarvojen poisto. Helpottaa arkea, koska sokerointi v\u00e4li on n 3-6vko eik\u00e4 v\u00e4liss\u00e4 tarvitse sheivata.<\/p>\nGeelilakkauksilla kest\u00e4v\u00e4mm\u00e4t kauniit s\u00e4vyt kynsiin.\u00a0<strong><br \/>\n<\/strong><a href=\"http:\/\/www.tunnevirtaamo.fi\/index.php\/kauneudenhoito\/\">Lue lis\u00e4\u00e4<\/a>\n\t\t\t<a href=\"https:\/\/vello.fi\/tunnevirtaamo\/\" target=\"_self\" role=\"button\" rel=\"noopener\">\n\t\t\t\t\t\t\tVARAA AIKA\n\t\t\t<\/a>\n\n","protected":false},"excerpt":{"rendered":"<p>T\u00e4\u00e4ll\u00e4 kaikki tunteet ovat sallittuja. P\u00e4\u00e4m\u00e4\u00e4r\u00e4n\u00e4 rakkaus, luottamus ja identiteetti. Kyky tehd\u00e4 el\u00e4m\u00e4ss\u00e4si asioita mit\u00e4 haluat, muita satuttamatta. \u00a0 l\u00f6yd\u00e4 itsesi, Tee se jo t\u00e4n\u00e4\u00e4n\u00a0 Jenni Santava &#8211;\u00a0 Hoitajasta hoidettavaksi, kehoterapeutiksi, kuvataiteilijaksi, omien unelmien toteuttajaksi. \u00c4iti, vaimo ja my\u00f6s ikuinen lapsi, tyt\u00e4r. Kaikenlaista kaunista rakastava, luova ja onnellinen NAINEN. Lue lis\u00e4\u00e4 Kehoterapiaa, johon kuuluu keskustelu<span class=\"dots\"> &hellip; <\/span><span class=\"link-more\"><a href=\"https:\/\/www.tunnevirtaamo.fi\/\" class=\"more-link\">Read more <span class=\"screen-reader-text\">&#8221;Tunnevirtaamo&#8221;<\/span><\/a><\/span><\/p>\n","protected":false},"author":1,"featured_media":18,"parent":0,"menu_order":0,"comment_status":"closed","ping_status":"closed","template":"","meta":{"_mi_skip_tracking":false},"_links":{"self":[{"href":"https:\/\/www.tunnevirtaamo.fi\/index.php\/wp-json\/wp\/v2\/pages\/19"}],"collection":[{"href":"https:\/\/www.tunnevirtaamo.fi\/index.php\/wp-json\/wp\/v2\/pages"}],"about":[{"href":"https:\/\/www.tunnevirtaamo.fi\/index.php\/wp-json\/wp\/v2\/types\/page"}],"author":[{"embeddable":true,"href":"https:\/\/www.tunnevirtaamo.fi\/index.php\/wp-json\/wp\/v2\/users\/1"}],"replies":[{"embeddable":true,"href":"https:\/\/www.tunnevirtaamo.fi\/index.php\/wp-json\/wp\/v2\/comments?post=19"}],"version-history":[{"count":111,"href":"https:\/\/www.tunnevirtaamo.fi\/index.php\/wp-json\/wp\/v2\/pages\/19\/revisions"}],"predecessor-version":[{"id":702,"href":"https:\/\/www.tunnevirtaamo.fi\/index.php\/wp-json\/wp\/v2\/pages\/19\/revisions\/702"}],"wp:featuredmedia":[{"embeddable":true,"href":"https:\/\/www.tunnevirtaamo.fi\/index.php\/wp-json\/wp\/v2\/media\/18"}],"wp:attachment":[{"href":"https:\/\/www.tunnevirtaamo.fi\/index.php\/wp-json\/wp\/v2\/media?parent=19"}],"curies":[{"name":"wp","href":"https:\/\/api.w.org\/{rel}","templated":true}]}}